st the prime factors of 1942929781.
13, 149456137
What are the prime factors of 7832057897?
7832057897
What are the prime factors of 24583043?
53, 463831
What are the prime factors of 126437031?
3, 7, 2753
What are the prime factors of 169513247?
169513247
What are the prime factors of 554937459?
3, 73, 1051, 2411
What are the prime factors of 1155470255?
5, 443, 521657
What are the prime factors of 108095834?
2, 7, 11, 5801
List the prime factors of 275439125.
5, 13, 169501
What are the prime factors of 11455907?
1283, 8929
What are the prime factors of 5797465798?
2, 43, 67412393
List the prime factors of 3981187001.
11, 23, 191, 82387
What are the prime factors of 324766912?
2, 17, 31, 9629
List the prime factors of 774119918.
2, 11, 13, 83, 32611
List the prime factors of 32951460.
2, 3, 5, 37, 14843
What are the prime factors of 248683610?
2, 5, 7, 331, 10733
What are the prime factors of 118956207?
3, 19, 23, 31, 2927
What are the prime factors of 5254553743?
2203, 2385181
What are the prime factors of 182851050?
2, 3, 5, 43, 28349
What are the prime factors of 171297798?
2, 3, 7, 47, 107, 811
List the prime factors of 122636860.
2, 5, 43, 142601
List the prime factors of 131265875.
5, 13, 80779
List the prime factors of 60829824.
2, 3, 11, 14401
What are the prime factors of 324597969?
3, 211, 227, 251
List the prime factors of 194502285.
3, 5, 491, 8803
List the prime factors of 28367261.
13, 2182097
What are the prime factors of 41383643?
7, 1471, 4019
What are the prime factors of 720242768?
2, 7, 918677
What are the prime factors of 270804318?
2, 3, 47, 960299
List the prime factors of 402845859.
3, 13, 1147709
What are the prime factors of 294279145?
5, 58855829
What are the prime factors of 198563269?
198563269
What are the prime factors of 795394860?
2, 3, 5, 13, 61, 73, 229
What are the prime factors of 6132887?
6132887
What are the prime factors of 274759566?
2, 3, 691, 66271
List the prime factors of 192536959.
192536959
What are the prime factors of 186150730?
2, 5, 23, 73, 11087
What are the prime factors of 80767443?
3, 907, 29683
What are the prime factors of 389818698?
2, 3, 193, 336631
What are the prime factors of 86267948?
2, 13, 1658999
List the prime factors of 1306868618.
2, 11, 179, 281, 1181
What are the prime factors of 1212648214?
2, 9043, 67049
What are the prime factors of 527210772?
2, 3, 11, 3994021
List the prime factors of 19922756.
2, 7, 677, 1051
What are the prime factors of 54254169?
3, 883, 6827
List the prime factors of 55165853.
37, 1490969
What are the prime factors of 134284159?
134284159
What are the prime factors of 1271926925?
5, 47, 1082491
List the prime factors of 526384405.
5, 179, 701, 839
List the prime factors of 553782471.
3, 11, 16781287
What are the prime factors of 282731577?
3, 2857, 32987
List the prime factors of 47087257.
7, 263, 25577
What are the prime factors of 1060959768?
2, 3, 11, 919, 4373
List the prime factors of 4456312973.
7, 636616139
What are the prime factors of 48395486?
2, 229, 105667
List the prime factors of 847789755.
3, 5, 1783, 31699
What are the prime factors of 194351914?
2, 3929, 24733
What are the prime factors of 31293611?
31293611
What are the prime factors of 216972307?
216972307
List the prime factors of 93446846.
2, 46723423
What are the prime factors of 68027223?
3, 11, 2061431
List the prime factors of 5191255613.
647, 8023579
What are the prime factors of 448456284?
2, 3, 4152373
List the prime factors of 68436324.
2, 3, 11, 47, 3677
List the prime factors of 4293545577.
3, 19, 1181, 63781
List the prime factors of 3046178371.
17, 199, 631, 1427
What are the prime factors of 43654453?
17, 67, 38327
List the prime factors of 1026226050.
2, 3, 5, 97, 251, 281
List the prime factors of 141903259.
191, 742949
List the prime factors of 3604412308.
2, 7, 128729011
List the prime factors of 154806634.
2, 751, 103067
What are the prime factors of 548796173?
37, 79, 187751
What are the prime factors of 1433440142?
2, 19, 37722109
What are the prime factors of 1824069912?
2, 3, 7, 281, 38639
What are the prime factors of 583742629?
15647, 37307
What are the prime factors of 17888024?
2, 7, 11, 71, 409
List the prime factors of 416598884.
2, 13, 8011517
What are the prime factors of 65296485?
3, 5, 113, 12841
List the prime factors of 71462109.
3, 73, 151, 2161
List the prime factors of 15022766.
2, 11, 331, 2063
List the prime factors of 295046684.
2, 929, 79399
What are the prime factors of 3415683003?
3, 149, 1907, 4007
What are the prime factors of 9419409002?
2, 4709704501
What are the prime factors of 391569872?
2, 24473117
What are the prime factors of 9320263197?
3, 7, 9057593
What are the prime factors of 1205446156?
2, 607, 496477
What are the prime factors of 2406660991?
7, 47, 379, 19301
What are the prime factors of 3209862092?
2, 1277, 628399
List the prime factors of 1136658882.
2, 3, 53, 701, 5099
What are the prime factors of 290257966?
2, 17, 8536999
What are the prime factors of 534194186?
2, 211, 1265863
List the prime factors of 352157786.
2, 37, 367, 12967
List the prime factors of 9663368.
2, 11, 13, 8447
What are the prime factors of 119117103?
3, 7, 2341, 2423
What are the prime factors of 4635097674?
2, 3, 772516279
List the prime factors of 235150308.
2, 3, 19, 343787
What are the prime factors of 238243955?
5, 47648791
List the prime factors of 632615477.
13, 229, 212501
What are the prime factors of 135369496?
2, 16921187
List the prime factors of 120674280.
2, 3, 5, 1005619
List the prime factors of 5227547346.
2, 3, 7, 1031, 40241
What are the prime factors of 12251996?
2, 3062999
List the prime factors of 138759863.
11, 12614533
List the prime factors of 1857119789.
7, 47, 5644741
List the prime factors of 20544808.
2, 2568101
What are the prime factors of 353582459?
179, 1975321
List the prime factors of 10863536.
2, 678971
What are the prime factors of 1034225575?
5, 19, 103, 21139
List the prime factors of 408305548.
2, 7, 509, 28649
What are the prime factors of 1553196990?
2, 3, 5, 19, 199, 13693
What are the prime factors of 182726371?
182726371
List the prime factors of 150266311.
13, 11558947
List the prime factors of 1074488831.
13, 29, 61, 46723
List the prime factors of 11619977.
11619977
What are the prime factors of 30733701?
3, 10244567
What are the prime factors of 30127205?
5, 1873, 3217
What are the prime factors of 783482677?
97, 149, 151, 359
What are the prime factors of 50439754?
2, 701, 35977
What are the prime factors of 2010208777?
2010208777
What are the prime factors of 2350705433?
313, 479, 15679
What are the prime factors of 97717775?
5, 3908711
List the prime factors of 100837863.
3, 7, 17, 94153
What are the prime factors of 15735309?
3, 5245103
What are the prime factors of 93802094?
2, 31, 59, 25643
What are the prime factors of 39914161?
7, 5702023
List the prime factors of 45040357.
45040357
What are the prime factors of 133551770?
2, 5, 11, 67, 18121
List the prime factors of 154080847.
154080847
List the prime factors of 156094250.
2, 5, 13, 48029
What are the prime factors of 575394727?
19, 47, 59, 67, 163
What are the prime factors of 24027359?
24027359
List the prime factors of 92120730.
2, 3, 5, 13, 236207
List the prime factors of 2899939234.
2, 1449969617
What are the prime factors of 23791648?
2, 19, 109, 359
List the prime factors of 1915473975.
3, 5, 25539653
List the prime factors of 38603263.
29, 41, 32467
What are the prime factors of 4776019?
23, 207653
List the prime factors of 445853107.
7, 19, 478897
What are the prime factors of 697749630?
2, 3, 5, 23258321
What are the prime factors of 1893927985?
5, 23, 16468939
What are the prime factors of 154353002?
2, 77176501
What are the prime factors of 43730890?
2, 5, 7, 624727
What are the prime factors of 2244200506?
2, 397, 1283, 2203
List the prime factors of 32496549.
3, 191, 56713
What are the prime factors of 243890926?
2, 43, 2835941
What are the prime factors of 17586115?
5, 19, 9743
List the prime factors of 82425408.
2, 3, 13, 33023
What are the prime factors of 1877566806?
2, 3, 433, 240899
List the prime factors of 247031701.
7, 193, 182851
What are the prime factors of 1997653426?
2, 19, 683, 4051
List the prime 